and 16.
4
Let i = -30 - -57. Let a = 161 + -101. Suppose -a = -5*s + 30. What is the highest common divisor of s and i?
9
Let t = -7 - 8. Let w be (-2)/(1 - t/(-9)). What is the greatest common divisor of 3 and w?
3
Let t(c) = -c**3 - 10*c**2 + c + 14. Let x be t(-10). Let l be 129 + (x - (-4 + 4)/5). What is the highest common divisor of l and 19?
19
Let m(t) = t**2 + 9*t + 4. Let g be m(-9). Suppose 8 = x + g. Suppose 3*w + 28 = q, -x*w + 60 = 5*q + w. What is the greatest common factor of 16 and q?
16
Let y be (-11428)/(-34) + 176/(-1496). What is the highest common factor of 147 and y?
21
Suppose 4*w + q - 11 = 0, -w = -5*q + 3*q + 4. Let o = w - -205. Suppose -4*j - 3*b = -o, -j - 124 = -4*j + 4*b. What is the highest common divisor of j and 24?
24
Let v = 35 + 0. Let d be v/1 - 3/3. Let c = 38 + d. Calculate the greatest common factor of 8 and c.
8
Let t be 60/14*(-1 + 15). Let q = 422 + -420. Suppose 4*r - 3*o = 120, -3*o + t = q*r - 8*o. What is the greatest common factor of r and 210?
30
Let p be 4760/336 - 10/(-12). What is the highest common divisor of p and 10?
5
Let j = -233 - -271. What is the greatest common divisor of j and 342?
38
Let o = 583 + -340. Calculate the highest common divisor of o and 9.
9
Suppose -16*r = -176 - 352. What is the greatest common factor of r and 55?
11
Let z = -209 - -187. Suppose -27 - 81 = -3*f. Let h = z + f. What is the greatest common factor of h and 2?
2
Let z = 307 - 203. Let f(d) = -2*d. Let v be f(-1). Suppose 2*o = -3*x + 38, -19 = -3*o + 3*x + v*x. What is the greatest common divisor of z and o?
13
Let y = 225 - 213. Suppose 3*o - 248 - 148 = -3*g, -5*o = 0. What is the highest common factor of g and y?
12
Suppose 0 = 5*w - 112 - 128. Suppose -3*o + 34 = -56. Let b be 1*(-8)/(-20)*o. What is the greatest common factor of w and b?
12
Let p be (-7)/((-21)/(-12)) + -3 + 11. Calculate the highest common divisor of 2 and p.
2
Let f(p) = -p - 2. Let w be f(-4). Suppose -2*z + 26 = 2*s, 59 + 56 = 5*s - 5*z. Calculate the greatest common factor of w and s.
2
Let y = -17 + 11. Let r be ((-92)/y)/(2/6). Let l be r*(-2)/(-8)*2. What is the highest common divisor of l and 46?
23
Suppose -3*d + 0*d + 381 = -3*y, -5*d + 644 = 4*y. Let r = 44 - 39. Let g be 64/4 - (-3 + (r - 2)). What is the highest common divisor of g and d?
16
Let g = -2 - -7. Suppose 2*f - 240 = -g*s, 3*s = -5*f + 2*f + 144. Calculate the greatest common factor of s and 12.
12
Let u = 1009 + -944. What is the greatest common divisor of u and 1755?
65
Suppose -2*n - 136 = -3*m, m + 4*n - 1 - 21 = 0. Let d = 5 + 1. Calculate the highest common divisor of m and d.
6
Suppose -5*r - 1795 = -5*o, -5*o + 1801 = -0*r + r. Calculate the greatest common factor of 30 and o.
30
Let x(q) = -q**3 - 8*q**2 - 8*q - 6. Suppose -3*w - 5 = 10. Let c be x(w). Let p = -23 - c. What is the greatest common divisor of 36 and p?
18
Let s(w) = w. Let v be s(9). Suppose -1 = -5*n + v. Suppose -j + n = 1. Calculate the highest common factor of j and 5.
1
Let s be 15/(-2)*1/(30/(-3456)). Suppose 0 = 3*n + 3*r - s, 2*n = -0*n - 4*r + 582. Calculate the highest common divisor of 15 and n.
15
Suppose -2*t - 4*h + 53 = -5, 0 = t + h - 29. Suppose 4*j - 1276 = -4*a, -3*j = -4*a - a - 957. What is the highest common factor of j and t?
29
Let j = 0 - -8. Let l be (1 - j/2) + 0. Let i = l - -4. Calculate the highest common divisor of 11 and i.
1
Let x = 843 + -588. Suppose -33 + x = 3*t. What is the greatest common factor of 37 and t?
37
Let l(m) = -m**2 - 48*m + 155. Let b be l(-51). What is the greatest common divisor of b and 18?
2
Let w = 48 - 28. Let y = 22 - w. Suppose 4*s + r - 115 = 0, -r = y*s + r - 50. What is the highest common factor of 6 and s?
6
Let u(s) = s + 1. Let w(x) = -236*x - 3. Let a(c) = -2*u(c) - w(c). Let p be a(1). Suppose 0 = -q - 70 + p. What is the highest common factor of 15 and q?
15
Suppose -156 - 195 = -3*r. Suppose -3*q = 4*l - 55, 2*q - 27 = -2*l + q. What is the highest common factor of l and r?
13
Let h be 126/12 + (-6)/4. Suppose -h*r + 0*r + 630 = 0. What is the greatest common divisor of r and 14?
14
Suppose -5*t = 4*c - 23, 8*t = 5*c + 5*t - 75. Calculate the highest common factor of c and 36.
12
Let k be (-8)/(4/6*(-18)/24). Suppose 5*t - 36 = -6. Suppose 5*l = -4*u - 0*l + t, -2*u = -2*l - 12. Calculate the greatest common factor of u and k.
4
Suppose 3*y - 20 = 8*y. Let u(h) = -6*h - 4. Let a be u(y). Let o = 156 - 56. What is the greatest common factor of a and o?
20
Let b be (30/(-8))/(258/(-14104)). What is the highest common divisor of 123 and b?
41
Suppose 2*f - f = 8. Let d be (0/(-2))/(f + -9). Let k be 1/(d + 1/77). Calculate the highest common factor of k and 7.
7
Let z = 43 - 8. Let l be (-10)/z*(-15 + 1). Suppose -2*i + 0*i = -5*o - 23, -4*i + 1 = 5*o. What is the greatest common factor of l and i?
4
Let u = 523 - 432. Calculate the greatest common divisor of u and 195.
13
Let t = -1 - -29. Let y = t + -13. Suppose 2*c - 6*v = -11*v - 4, 0 = -3*v - 6. Calculate the greatest common factor of c and y.
3
Let a(c) = 4*c - 7. Let v(o) = o**2 - 3*o + 3. Let w be v(5). Let t be a(w). Calculate the greatest common factor of t and 405.
45
Let k be 6380/38 - 350/(-3325). What is the greatest common divisor of 896 and k?
56
Suppose 4*u + 3*q = 327 + 27, 5*q + 460 = 5*u. Let v = -35 + 69. Let w = v + -16. What is the greatest common factor of w and u?
18
Let r(n) = -n**2 - 19*n - 16. Let y be r(-17). Let v = 5 + y. Calculate the highest common divisor of v and 92.
23
Suppose 27 = 5*q - 3*t, -q + 0*q = -4*t - 2. What is the highest common factor of 42 and q?
6
Let y = 42 + 1. Suppose 0 = 11*p - 10*p - 473. Calculate the highest common divisor of p and y.
43
Let t = 228 + -217. What is the highest common divisor of 55 and t?
11
Let v(f) = -2*f - 14*f - f**2 + 32 - 7*f + 0*f. Let q be v(-19). Calculate the highest common divisor of q and 12.
12
Let p(l) = -4 + l**3 + 1 + 7*l**2 - 4*l + 4. Let g be p(-7). Suppose 4*b = -5*h + g, 4*b + 29 = 5*h - 32. What is the highest common divisor of h and 27?
9
Let q = -1 - -7. Suppose -2*o + q + 4 = 0. Suppose -19 = -u + o*n, -48 = -5*u - 4*n + 18. What is the highest common factor of 112 and u?
14
Suppose 0 = 4*l - 5*l + 54. Let g = l + -44. What is the greatest common factor of 4 and g?
2
Let v = -2542 - -2658. Calculate the highest common factor of 406 and v.
58
Suppose 5*s - 4*s - 12 = 0. Suppose s*m = 7*m - 135. Let w be (m/6)/((-9)/12). Calculate the greatest common factor of w and 18.
6
Let s(u) = u**2 - 12*u. Let j be 6 - (-1 - (2 + -3)). Let l be s(j). Let v = 58 + l. What is the greatest common factor of 2 and v?
2
Suppose 1 = -2*s - 1, 4*s + 36 = 4*o. Suppose 7*n - 20*n = -169. Let v(j) = -3*j + 47. Let c be v(n). What is the highest common factor of c and o?
8
Let c = -804 + 838. Calculate the highest common divisor of 8 and c.
2
Let a be (-1204)/(-258)*(1 + 1559/7). What is the greatest common divisor of 12 and a?
12
Let d = 8270 - 4490. What is the highest common divisor of d and 126?
126
Suppose -5*s + 2700 = -150*c + 154*c, 4*s + 2*c - 2160 = 0. Calculate the greatest common divisor of s and 210.
30
Suppose -o + 3*i + 25 = 0, 13 + 12 = o - 4*i. Let w = o + -15. Suppose -w*j = -7*j - 120. Calculate the greatest common factor of j and 5.
5
Suppose 1 = 2*q - 47. What is the highest common divisor of 3 and q?
3
Let u be -4 + 0 - -6 - -100. What is the highest common factor of 6 and u?
6
Let j = -256 + 864. What is the highest common divisor of 32 and j?
32
Let h = 8 + 0. Suppose 0 = -3*c + 2*c + h. Let m = 63 - -25. What is the highest common divisor of c and m?
8
Suppose g + 0*g = 102. Let a(i) = -i**2 - 16*i + 5. Let l be a(-7). What is the greatest common divisor of l and g?
34
Let u(p) = -p**2 + 14*p - 16. Let m be u(13). Suppose 4*i = 5*x - 4, 22 = i - 6*i + 2*x. Let n be (m + 2)/(1/i). What is the highest common divisor of 42 and n?
6
Suppose -x + 2*x + 24 = 3*c, -2*c = -2*x - 16. Let q be 8/(c/(6 - 2)). Let j = 12 + q. What is the greatest common factor of j and 32?
16
Let g be 36/(-8)*(48/(-9))/2. Calculate the highest common divisor of 96 and g.
12
Suppose -3*m = -2*m - 3*z - 30, 10 = m + z. Suppose -20 = -5*l + m. Let a be l - 0 - (8 - 7). Calculate the greatest common